{"id":2436,"date":"2019-12-15T20:18:21","date_gmt":"2019-12-15T19:18:21","guid":{"rendered":"http:\/\/unionmusicaltorrellano.es\/?page_id=2436"},"modified":"2024-05-26T20:54:55","modified_gmt":"2024-05-26T18:54:55","slug":"antiguos-directores","status":"publish","type":"page","link":"https:\/\/unionmusicaltorrellano.es\/index.php\/antiguos-directores\/","title":{"rendered":"Antiguos directores"},"content":{"rendered":"\t\t<div data-elementor-type=\"wp-page\" data-elementor-id=\"2436\" class=\"elementor elementor-2436\">\n\t\t\t\t\t\t<section class=\"elementor-section elementor-top-section elementor-element elementor-element-4758c25 elementor-section-boxed elementor-section-height-default elementor-section-height-default\" data-id=\"4758c25\" data-element_type=\"section\" data-e-type=\"section\">\n\t\t\t\t\t\t<div class=\"elementor-container elementor-column-gap-default\">\n\t\t\t\t\t<div class=\"elementor-column elementor-col-33 elementor-top-column elementor-element elementor-element-03ed8ce\" data-id=\"03ed8ce\" data-element_type=\"column\" data-e-type=\"column\">\n\t\t\t<div class=\"elementor-widget-wrap elementor-element-populated\">\n\t\t\t\t\t\t<div class=\"elementor-element elementor-element-0c6f92b elementor-widget elementor-widget-image\" data-id=\"0c6f92b\" data-element_type=\"widget\" data-e-type=\"widget\" data-widget_type=\"image.default\">\n\t\t\t\t<div class=\"elementor-widget-container\">\n\t\t\t\t\t\t\t\t\t\t\t\t\t\t\t<img fetchpriority=\"high\" decoding=\"async\" width=\"284\" height=\"300\" src=\"https:\/\/unionmusicaltorrellano.es\/wp-content\/uploads\/2021\/01\/juan-pedro-284x300.jpg\" class=\"attachment-medium size-medium wp-image-3425\" alt=\"\" srcset=\"https:\/\/unionmusicaltorrellano.es\/wp-content\/uploads\/2021\/01\/juan-pedro-284x300.jpg 284w, https:\/\/unionmusicaltorrellano.es\/wp-content\/uploads\/2021\/01\/juan-pedro-969x1024.jpg 969w, https:\/\/unionmusicaltorrellano.es\/wp-content\/uploads\/2021\/01\/juan-pedro-768x812.jpg 768w, https:\/\/unionmusicaltorrellano.es\/wp-content\/uploads\/2021\/01\/juan-pedro.jpg 1090w\" sizes=\"(max-width: 284px) 100vw, 284px\" \/>\t\t\t\t\t\t\t\t\t\t\t\t\t\t\t<\/div>\n\t\t\t\t<\/div>\n\t\t\t\t\t<\/div>\n\t\t<\/div>\n\t\t\t\t<div class=\"elementor-column elementor-col-66 elementor-top-column elementor-element elementor-element-8e5d6d1\" data-id=\"8e5d6d1\" data-element_type=\"column\" data-e-type=\"column\">\n\t\t\t<div class=\"elementor-widget-wrap elementor-element-populated\">\n\t\t\t\t\t\t<div class=\"elementor-element elementor-element-c1fbc74 elementor-widget elementor-widget-text-editor\" data-id=\"c1fbc74\" data-element_type=\"widget\" data-e-type=\"widget\" data-widget_type=\"text-editor.default\">\n\t\t\t\t<div class=\"elementor-widget-container\">\n\t\t\t\t\t\t\t\t\t<h4>D. Juan Pedro Bernab\u00e9 Poveda<\/h4><p>Juan Pedro Bernab\u00e9 Poveda nace en Sax en el a\u00f1o 1990, donde comienza en 2005 sus estudios musicales de fagot y piano en la Escuela de la Sociedad Uni\u00f3n Musical y Art\u00edstica de Sax con los profesores Eduardo Aracil, Matilde Juan y Jos\u00e9 Zafrilla, incorpor\u00e1ndose a su Banda Sinf\u00f3nica en el a\u00f1o 2006. Finaliza en 2016 sus Estudios Superiores de fagot en el Conservatorio Superior de M\u00fasica \u201c\u00d3scar Espl\u00e1\u201d de Alicante con los catedr\u00e1ticos Jos\u00e9 Antonio Cremades y Luis Alapont, en el a\u00f1o 2020 los Estudios Superiores de direcci\u00f3n de coro en el Conservatorio Superior de M\u00fasica \u201cJoaqu\u00edn Rodrigo\u201d de Valencia con la catedr\u00e1tica Nadezhda Stoyanova y en 2023 los Estudios Superiores de direcci\u00f3n de banda y orquesta en el Conservatorio Superior de M\u00fasica \u201c\u00d3scar Espl\u00e1\u201d con el catedr\u00e1tico Juan Bautista P\u00e9rez Gil.<\/p><p>Desde el a\u00f1o 2009 hasta 2012 ocupa el cargo de Asesor Musical de la Federaci\u00f3n de Comparsas de Moros y Cristianos \u201cMayordom\u00eda de San Blas\u201d de Sax.<\/p><p>Asiste a diversos cursos de direcci\u00f3n impartidos por Jos\u00e9 Miguel Rodilla, Teo Aparicio, Andr\u00e9s Valero, Ferrer Ferr\u00e1n, Manuel Mond\u00e9jar, Jos\u00e9 Rafael Pascual-Vilaplana, Franco Cesarini y Johan de Meij, entre otros. Ha sido director titular de la Agrupaci\u00f3n Musical de Dulzainas y Percusi\u00f3n \u201cColla Los Amigos\u201d de Sax, de la Banda Juvenil de la Sociedad Musical \u201cLa Lira\u201d de Monforte del Cid y de la Escuela, la Banda de Educandos y la Banda de la Uni\u00f3n Musical de Torrellano, as\u00ed como tambi\u00e9n es frecuentemente invitado a dirigir otras formaciones musicales.<\/p><p>Actualmente Juan Pedro Bernab\u00e9 Poveda ejerce como profesor de fagot en Escuelas de diversas Sociedades Musicales y es director de la Banda de la Sociedad Musical \u201cRuperto Chap\u00ed\u201d de Villena y de la Banda de la Uni\u00f3n Musical \u201cLa Art\u00edstica\u201d de Novelda.<\/p>\t\t\t\t\t\t\t\t<\/div>\n\t\t\t\t<\/div>\n\t\t\t\t\t<\/div>\n\t\t<\/div>\n\t\t\t\t\t<\/div>\n\t\t<\/section>\n\t\t\t\t<section class=\"elementor-section elementor-top-section elementor-element elementor-element-c5d12a9 elementor-section-boxed elementor-section-height-default elementor-section-height-default\" data-id=\"c5d12a9\" data-element_type=\"section\" data-e-type=\"section\">\n\t\t\t\t\t\t<div class=\"elementor-container elementor-column-gap-default\">\n\t\t\t\t\t<div class=\"elementor-column elementor-col-33 elementor-top-column elementor-element elementor-element-21d1a85\" data-id=\"21d1a85\" data-element_type=\"column\" data-e-type=\"column\">\n\t\t\t<div class=\"elementor-widget-wrap elementor-element-populated\">\n\t\t\t\t\t\t<div class=\"elementor-element elementor-element-fa1df52 elementor-widget elementor-widget-image\" data-id=\"fa1df52\" data-element_type=\"widget\" data-e-type=\"widget\" data-widget_type=\"image.default\">\n\t\t\t\t<div class=\"elementor-widget-container\">\n\t\t\t\t\t\t\t\t\t\t\t\t\t\t\t<img decoding=\"async\" width=\"180\" height=\"239\" src=\"https:\/\/unionmusicaltorrellano.es\/wp-content\/uploads\/2020\/10\/juan-alberto.jpeg\" class=\"attachment-large size-large wp-image-3296\" alt=\"\" \/>\t\t\t\t\t\t\t\t\t\t\t\t\t\t\t<\/div>\n\t\t\t\t<\/div>\n\t\t\t\t\t<\/div>\n\t\t<\/div>\n\t\t\t\t<div class=\"elementor-column elementor-col-66 elementor-top-column elementor-element elementor-element-1936d4d\" data-id=\"1936d4d\" data-element_type=\"column\" data-e-type=\"column\">\n\t\t\t<div class=\"elementor-widget-wrap elementor-element-populated\">\n\t\t\t\t\t\t<div class=\"elementor-element elementor-element-ddaaea1 elementor-widget elementor-widget-text-editor\" data-id=\"ddaaea1\" data-element_type=\"widget\" data-e-type=\"widget\" data-widget_type=\"text-editor.default\">\n\t\t\t\t<div class=\"elementor-widget-container\">\n\t\t\t\t\t\t\t\t\t<h4>D. Juan Alberto Asensi Cant\u00f3<\/h4>\n<p class=\"western\" align=\"justify\">Juan Alberto Asensi Cant\u00f3, natural de Monforte del Cid (Alicante), inicia sus estudios musicales en la escuela de la Sociedad Musical de dicha localidad para m\u00e1s tarde formar parte de \u00e9sta como m\u00fasico. Posteriormente ampl\u00eda sus conocimientos musicales en el Conservatorio Profesional Municipal \u201cMestre Gomis\u201d de Novelda, Real Conservatorio Profesional de M\u00fasica de Almer\u00eda y Conservatorio Superior \u201c\u00d3scar Espl\u00e1\u201d de Alicante, donde estudia clarinete obteniendo la licenciatura de Profesor Superior de Clarinete de la mano de don Gonzalo Bern\u00e1 Pic. Paralelamente se diploma en educaci\u00f3n musical en la Universidad de Almer\u00eda.<\/p>\n<p class=\"western\" align=\"justify\">Realiza varios cursos de perfeccionamiento instrumental con profesores de reconocido prestigio nacional e internacional como: Manuel Juan L\u00f3pez, C\u00e9sar Mart\u00edn, Lu\u00eds Miguel Gimeno, Jes\u00fas Mula Mart\u00ednez, Eduardo Raimundo, Carlos Lacruz, Rafael Albert, Enrique P\u00e9rez Piquer y Philippe Cuper.<\/p>\n<p class=\"western\" align=\"justify\">Entre algunas de sus contribuciones musicales podemos se\u00f1alar que ha colaborado como m\u00fasico en la Banda de M\u00fasica de la Universidad de Almer\u00eda, en la Orquesta Sinf\u00f3nica Acad\u00e9mica de San Vicente del Raspeig y en la Orquesta del Conservatorio Superior de M\u00fasica \u201c\u00d3scar Espl\u00e1\u201d de Alicante, entre otras muchas agrupaciones musicales de nuestra comarca, as\u00ed como en diferentes agrupaciones camer\u00edsticas destacando el 1er. premio obtenido en 2007 en el \u201cXI Encuentro de Grupos de C\u00e1mara de J\u00f3venes M\u00fasicos del Real Conservatorio Profesional de M\u00fasica de Almer\u00eda\u201d.<\/p>\n<p class=\"western\" align=\"justify\">Participa como alumno activo en los Cursos organizados por el Vicerrectorado de Extensi\u00f3n Universitaria de la Universidad de Almer\u00eda destinados al conocimiento y repertorio en la Zarzuela, la Danza y la \u00d3pera obteniendo en todos ellos la calificaci\u00f3n de sobresaliente.<\/p>\n<p class=\"western\" align=\"justify\">Realiza diversos cursos de direcci\u00f3n de Orquesta, Banda, Coro y Conjunto Instrumental con los profesores Jos\u00e9 Miguel Rodilla, Jan Cober, Eugene Corporon, Manuel Mond\u00e9jar, Mihnea Ignat, Francisco Javier Gonz\u00e1lvez y Jos\u00e9 Rafael Pascual Vilaplana, e instrumentaci\u00f3n con Carlo Pirola.<\/p>\n<p class=\"western\" align=\"justify\">En el terreno de la docencia, ha sido profesor de clarinete en la Escuela de M\u00fasica \u201cLa Art\u00edstica\u201d de Novelda y actualmente lo es en la Escuela de M\u00fasica de la Sociedad Musical \u201cLa Lira\u201d de Monforte del Cid.<\/p>\n<p class=\"western\" align=\"justify\">De 2009 a 2013 fue director de la Banda Juvenil de la Sociedad Musical \u201cLa Lira\u201d de Monforte del Cid y de 2013 a 2018 director titular de la Sociedad Musical \u201cLa Lira\u201d de esta misma poblaci\u00f3n, destacando el 1er. Premio obtenido en el XLIV Certamen Provincial de Bandas de M\u00fasica de Alicante 2015.<\/p>\n<p class=\"western\" align=\"justify\">Como director invitado ha dirigido agrupaciones como la Asociaci\u00f3n M\u00fasico-Cultural Eldense \u00abSanta Cecilia\u00bb de Elda, Sociedad \u00abUni\u00f3n Musical\u00bb de Crevillente, Orquesta de C\u00e1mara \u201cSine Tempore\u201d de Murcia, la Escolan\u00eda y Coro Juvenil del Misteri d\u00b4Elx y la Uni\u00f3n Musical de Torrellano.<\/p>\n<p class=\"western\" align=\"justify\">En mayo de 2020 obtiene a trav\u00e9s de la Universidad Internacional de Valencia los estudios conducentes al t\u00edtulo universitario oficial de M\u00e1ster Universitario en Investigaci\u00f3n Musical.<\/p>\n<p class=\"western\" align=\"justify\">Compagina su vida laboral como maestro de Educaci\u00f3n Musical con las clases de clarinete.<\/p>\n<p><\/p>\t\t\t\t\t\t\t\t<\/div>\n\t\t\t\t<\/div>\n\t\t\t\t\t<\/div>\n\t\t<\/div>\n\t\t\t\t\t<\/div>\n\t\t<\/section>\n\t\t\t\t<\/div>\n\t\t","protected":false},"excerpt":{"rendered":"<p>D. Juan Pedro Bernab\u00e9 Poveda Juan Pedro Bernab\u00e9 Poveda nace en Sax en el a\u00f1o 1990, donde comienza en 2005 sus estudios musicales de fagot y piano en la Escuela de la Sociedad Uni\u00f3n Musical y Art\u00edstica de Sax con los profesores Eduardo Aracil, Matilde Juan y Jos\u00e9 Zafrilla, incorpor\u00e1ndose a su Banda Sinf\u00f3nica en [&hellip;]<\/p>\n","protected":false},"author":1,"featured_media":0,"parent":0,"menu_order":0,"comment_status":"closed","ping_status":"closed","template":"","meta":{"footnotes":""},"class_list":["post-2436","page","type-page","status-publish","hentry"],"yoast_head":"<!-- This site is optimized with the Yoast SEO plugin v27.4 - https:\/\/yoast.com\/product\/yoast-seo-wordpress\/ -->\n<title>Antiguos directores - Uni\u00f3n Musical de Torrellano<\/title>\n<meta name=\"description\" content=\"Union Musical de Torrellano con escuela y banda\" \/>\n<meta name=\"robots\" content=\"index, follow, max-snippet:-1, max-image-preview:large, max-video-preview:-1\" \/>\n<link rel=\"canonical\" href=\"https:\/\/unionmusicaltorrellano.es\/index.php\/antiguos-directores\/\" \/>\n<meta property=\"og:locale\" content=\"es_ES\" \/>\n<meta property=\"og:type\" content=\"article\" \/>\n<meta property=\"og:title\" content=\"Antiguos directores - Uni\u00f3n Musical de Torrellano\" \/>\n<meta property=\"og:description\" content=\"Union Musical de Torrellano con escuela y banda\" \/>\n<meta property=\"og:url\" content=\"https:\/\/unionmusicaltorrellano.es\/index.php\/antiguos-directores\/\" \/>\n<meta property=\"og:site_name\" content=\"Uni\u00f3n Musical de Torrellano\" \/>\n<meta property=\"article:publisher\" content=\"https:\/\/www.facebook.com\/umttorrellano\/\" \/>\n<meta property=\"article:modified_time\" content=\"2024-05-26T18:54:55+00:00\" \/>\n<meta property=\"og:image\" content=\"http:\/\/unionmusicaltorrellano.es\/wp-content\/uploads\/2021\/01\/juan-pedro-284x300.jpg\" \/>\n<meta name=\"twitter:card\" content=\"summary_large_image\" \/>\n<meta name=\"twitter:label1\" content=\"Tiempo de lectura\" \/>\n\t<meta name=\"twitter:data1\" content=\"4 minutos\" \/>\n<script type=\"application\/ld+json\" class=\"yoast-schema-graph\">{\"@context\":\"https:\\\/\\\/schema.org\",\"@graph\":[{\"@type\":\"WebPage\",\"@id\":\"https:\\\/\\\/unionmusicaltorrellano.es\\\/index.php\\\/antiguos-directores\\\/\",\"url\":\"https:\\\/\\\/unionmusicaltorrellano.es\\\/index.php\\\/antiguos-directores\\\/\",\"name\":\"Antiguos directores - Uni\u00f3n Musical de Torrellano\",\"isPartOf\":{\"@id\":\"https:\\\/\\\/unionmusicaltorrellano.es\\\/#website\"},\"primaryImageOfPage\":{\"@id\":\"https:\\\/\\\/unionmusicaltorrellano.es\\\/index.php\\\/antiguos-directores\\\/#primaryimage\"},\"image\":{\"@id\":\"https:\\\/\\\/unionmusicaltorrellano.es\\\/index.php\\\/antiguos-directores\\\/#primaryimage\"},\"thumbnailUrl\":\"http:\\\/\\\/unionmusicaltorrellano.es\\\/wp-content\\\/uploads\\\/2021\\\/01\\\/juan-pedro-284x300.jpg\",\"datePublished\":\"2019-12-15T19:18:21+00:00\",\"dateModified\":\"2024-05-26T18:54:55+00:00\",\"description\":\"Union Musical de Torrellano con escuela y banda\",\"breadcrumb\":{\"@id\":\"https:\\\/\\\/unionmusicaltorrellano.es\\\/index.php\\\/antiguos-directores\\\/#breadcrumb\"},\"inLanguage\":\"es\",\"potentialAction\":[{\"@type\":\"ReadAction\",\"target\":[\"https:\\\/\\\/unionmusicaltorrellano.es\\\/index.php\\\/antiguos-directores\\\/\"]}]},{\"@type\":\"ImageObject\",\"inLanguage\":\"es\",\"@id\":\"https:\\\/\\\/unionmusicaltorrellano.es\\\/index.php\\\/antiguos-directores\\\/#primaryimage\",\"url\":\"https:\\\/\\\/unionmusicaltorrellano.es\\\/wp-content\\\/uploads\\\/2021\\\/01\\\/juan-pedro.jpg\",\"contentUrl\":\"https:\\\/\\\/unionmusicaltorrellano.es\\\/wp-content\\\/uploads\\\/2021\\\/01\\\/juan-pedro.jpg\",\"width\":1090,\"height\":1152},{\"@type\":\"BreadcrumbList\",\"@id\":\"https:\\\/\\\/unionmusicaltorrellano.es\\\/index.php\\\/antiguos-directores\\\/#breadcrumb\",\"itemListElement\":[{\"@type\":\"ListItem\",\"position\":1,\"name\":\"Portada\",\"item\":\"https:\\\/\\\/unionmusicaltorrellano.es\\\/\"},{\"@type\":\"ListItem\",\"position\":2,\"name\":\"Antiguos directores\"}]},{\"@type\":\"WebSite\",\"@id\":\"https:\\\/\\\/unionmusicaltorrellano.es\\\/#website\",\"url\":\"https:\\\/\\\/unionmusicaltorrellano.es\\\/\",\"name\":\"Uni\u00f3n Musical de Torrellano\",\"description\":\"Banda y Escuela de M\u00fasica de Torrellano\",\"publisher\":{\"@id\":\"https:\\\/\\\/unionmusicaltorrellano.es\\\/#organization\"},\"potentialAction\":[{\"@type\":\"SearchAction\",\"target\":{\"@type\":\"EntryPoint\",\"urlTemplate\":\"https:\\\/\\\/unionmusicaltorrellano.es\\\/?s={search_term_string}\"},\"query-input\":{\"@type\":\"PropertyValueSpecification\",\"valueRequired\":true,\"valueName\":\"search_term_string\"}}],\"inLanguage\":\"es\"},{\"@type\":\"Organization\",\"@id\":\"https:\\\/\\\/unionmusicaltorrellano.es\\\/#organization\",\"name\":\"Union Musical de Torrellano\",\"url\":\"https:\\\/\\\/unionmusicaltorrellano.es\\\/\",\"logo\":{\"@type\":\"ImageObject\",\"inLanguage\":\"es\",\"@id\":\"https:\\\/\\\/unionmusicaltorrellano.es\\\/#\\\/schema\\\/logo\\\/image\\\/\",\"url\":\"http:\\\/\\\/unionmusicaltorrellano.es\\\/wp-content\\\/uploads\\\/2019\\\/11\\\/logo2.png\",\"contentUrl\":\"http:\\\/\\\/unionmusicaltorrellano.es\\\/wp-content\\\/uploads\\\/2019\\\/11\\\/logo2.png\",\"width\":159,\"height\":180,\"caption\":\"Union Musical de Torrellano\"},\"image\":{\"@id\":\"https:\\\/\\\/unionmusicaltorrellano.es\\\/#\\\/schema\\\/logo\\\/image\\\/\"},\"sameAs\":[\"https:\\\/\\\/www.facebook.com\\\/umttorrellano\\\/\",\"https:\\\/\\\/www.instagram.com\\\/unionmusicaltorrellano\\\/\"]}]}<\/script>\n<!-- \/ Yoast SEO plugin. -->","yoast_head_json":{"title":"Antiguos directores - Uni\u00f3n Musical de Torrellano","description":"Union Musical de Torrellano con escuela y banda","robots":{"index":"index","follow":"follow","max-snippet":"max-snippet:-1","max-image-preview":"max-image-preview:large","max-video-preview":"max-video-preview:-1"},"canonical":"https:\/\/unionmusicaltorrellano.es\/index.php\/antiguos-directores\/","og_locale":"es_ES","og_type":"article","og_title":"Antiguos directores - Uni\u00f3n Musical de Torrellano","og_description":"Union Musical de Torrellano con escuela y banda","og_url":"https:\/\/unionmusicaltorrellano.es\/index.php\/antiguos-directores\/","og_site_name":"Uni\u00f3n Musical de Torrellano","article_publisher":"https:\/\/www.facebook.com\/umttorrellano\/","article_modified_time":"2024-05-26T18:54:55+00:00","og_image":[{"url":"http:\/\/unionmusicaltorrellano.es\/wp-content\/uploads\/2021\/01\/juan-pedro-284x300.jpg","type":"","width":"","height":""}],"twitter_card":"summary_large_image","twitter_misc":{"Tiempo de lectura":"4 minutos"},"schema":{"@context":"https:\/\/schema.org","@graph":[{"@type":"WebPage","@id":"https:\/\/unionmusicaltorrellano.es\/index.php\/antiguos-directores\/","url":"https:\/\/unionmusicaltorrellano.es\/index.php\/antiguos-directores\/","name":"Antiguos directores - Uni\u00f3n Musical de Torrellano","isPartOf":{"@id":"https:\/\/unionmusicaltorrellano.es\/#website"},"primaryImageOfPage":{"@id":"https:\/\/unionmusicaltorrellano.es\/index.php\/antiguos-directores\/#primaryimage"},"image":{"@id":"https:\/\/unionmusicaltorrellano.es\/index.php\/antiguos-directores\/#primaryimage"},"thumbnailUrl":"http:\/\/unionmusicaltorrellano.es\/wp-content\/uploads\/2021\/01\/juan-pedro-284x300.jpg","datePublished":"2019-12-15T19:18:21+00:00","dateModified":"2024-05-26T18:54:55+00:00","description":"Union Musical de Torrellano con escuela y banda","breadcrumb":{"@id":"https:\/\/unionmusicaltorrellano.es\/index.php\/antiguos-directores\/#breadcrumb"},"inLanguage":"es","potentialAction":[{"@type":"ReadAction","target":["https:\/\/unionmusicaltorrellano.es\/index.php\/antiguos-directores\/"]}]},{"@type":"ImageObject","inLanguage":"es","@id":"https:\/\/unionmusicaltorrellano.es\/index.php\/antiguos-directores\/#primaryimage","url":"https:\/\/unionmusicaltorrellano.es\/wp-content\/uploads\/2021\/01\/juan-pedro.jpg","contentUrl":"https:\/\/unionmusicaltorrellano.es\/wp-content\/uploads\/2021\/01\/juan-pedro.jpg","width":1090,"height":1152},{"@type":"BreadcrumbList","@id":"https:\/\/unionmusicaltorrellano.es\/index.php\/antiguos-directores\/#breadcrumb","itemListElement":[{"@type":"ListItem","position":1,"name":"Portada","item":"https:\/\/unionmusicaltorrellano.es\/"},{"@type":"ListItem","position":2,"name":"Antiguos directores"}]},{"@type":"WebSite","@id":"https:\/\/unionmusicaltorrellano.es\/#website","url":"https:\/\/unionmusicaltorrellano.es\/","name":"Uni\u00f3n Musical de Torrellano","description":"Banda y Escuela de M\u00fasica de Torrellano","publisher":{"@id":"https:\/\/unionmusicaltorrellano.es\/#organization"},"potentialAction":[{"@type":"SearchAction","target":{"@type":"EntryPoint","urlTemplate":"https:\/\/unionmusicaltorrellano.es\/?s={search_term_string}"},"query-input":{"@type":"PropertyValueSpecification","valueRequired":true,"valueName":"search_term_string"}}],"inLanguage":"es"},{"@type":"Organization","@id":"https:\/\/unionmusicaltorrellano.es\/#organization","name":"Union Musical de Torrellano","url":"https:\/\/unionmusicaltorrellano.es\/","logo":{"@type":"ImageObject","inLanguage":"es","@id":"https:\/\/unionmusicaltorrellano.es\/#\/schema\/logo\/image\/","url":"http:\/\/unionmusicaltorrellano.es\/wp-content\/uploads\/2019\/11\/logo2.png","contentUrl":"http:\/\/unionmusicaltorrellano.es\/wp-content\/uploads\/2019\/11\/logo2.png","width":159,"height":180,"caption":"Union Musical de Torrellano"},"image":{"@id":"https:\/\/unionmusicaltorrellano.es\/#\/schema\/logo\/image\/"},"sameAs":["https:\/\/www.facebook.com\/umttorrellano\/","https:\/\/www.instagram.com\/unionmusicaltorrellano\/"]}]}},"_links":{"self":[{"href":"https:\/\/unionmusicaltorrellano.es\/index.php\/wp-json\/wp\/v2\/pages\/2436","targetHints":{"allow":["GET"]}}],"collection":[{"href":"https:\/\/unionmusicaltorrellano.es\/index.php\/wp-json\/wp\/v2\/pages"}],"about":[{"href":"https:\/\/unionmusicaltorrellano.es\/index.php\/wp-json\/wp\/v2\/types\/page"}],"author":[{"embeddable":true,"href":"https:\/\/unionmusicaltorrellano.es\/index.php\/wp-json\/wp\/v2\/users\/1"}],"replies":[{"embeddable":true,"href":"https:\/\/unionmusicaltorrellano.es\/index.php\/wp-json\/wp\/v2\/comments?post=2436"}],"version-history":[{"count":13,"href":"https:\/\/unionmusicaltorrellano.es\/index.php\/wp-json\/wp\/v2\/pages\/2436\/revisions"}],"predecessor-version":[{"id":4121,"href":"https:\/\/unionmusicaltorrellano.es\/index.php\/wp-json\/wp\/v2\/pages\/2436\/revisions\/4121"}],"wp:attachment":[{"href":"https:\/\/unionmusicaltorrellano.es\/index.php\/wp-json\/wp\/v2\/media?parent=2436"}],"curies":[{"name":"wp","href":"https:\/\/api.w.org\/{rel}","templated":true}]}}